{"id":368,"date":"2013-08-20T22:21:46","date_gmt":"2013-08-20T22:21:46","guid":{"rendered":"http:\/\/envision.wptation.com\/?page_id=368"},"modified":"2022-06-06T12:51:52","modified_gmt":"2022-06-06T09:51:52","slug":"contact","status":"publish","type":"page","link":"https:\/\/onaydanismanlik.com.tr\/?page_id=368","title":{"rendered":"\u0130letisim"},"content":{"rendered":"<div  id=\"video-background-1\" class=\"ui--video-background-wrapper fullwidth-content clearfix ui--section-content-v-center color--dark\" style=\"margin-top: -30px;  margin-bottom: 48px;\"><div class=\"ui--video-background-holder\"><div  class=\"ui--video-background-video hidden-phone \"><\/div><div class=\"ui--video-background-poster\"><\/div><div  class=\"ui--video-background\"><div class=\"ui--gradient\"><\/div><\/div><\/div><div  class=\"ui--section-content container clearfix\" style=\"padding-top: 60px;  padding-bottom: 48px;\"><div  class=\"ui--animation-in make--fx--fadein-btt ui--pass clearfix\" data-fx=\"fx--fadein-btt\" data-delay=\"200\" data-start-delay=\"0\"><h1 id=\"custom-title-1\" class=\"ui--animation \" style=\"font-size: 51px; line-height: 53px; text-align: center; margin-bottom: 0px; \" ><strong>B\u0130Z\u0130MLE \u0130LET\u0130\u015e\u0130ME GE\u00c7\u0130N<span id=\"text-rotator-1\" class=\"ui--text-rotator\" data-effect=\"fade\" data-speed=\"5000\"><span class=\"ui--text-rotator-placeholder\"><\/span><span class=\"ui--text-rotator-words\"><\/span><\/span><\/strong><\/h1><h1 id=\"custom-title-h1-1\" class=\"ui--animation \" style=\"text-align: center; margin-bottom: 0px; \">Sizler \u0130\u00e7in 7\/24 Buraday\u0131z<\/h1><div  class=\"ui--space clearfix\" data-responsive=\"{&quot;css&quot;:{&quot;height&quot;:{&quot;phone&quot;:null,&quot;tablet&quot;:null,&quot;widescreen&quot;:null}}}\"><\/div><div  class=\"ui--space clearfix\" data-responsive=\"{&quot;css&quot;:{&quot;height&quot;:{&quot;phone&quot;:null,&quot;tablet&quot;:null,&quot;widescreen&quot;:null}}}\"><\/div><div  class=\"ui--space clearfix\" data-responsive=\"{&quot;css&quot;:{&quot;height&quot;:{&quot;phone&quot;:null,&quot;tablet&quot;:null,&quot;widescreen&quot;:null}}}\"><\/div><div  class=\"ui--animation-in make--fx--fadein-btt ui--pass clearfix\" data-fx=\"fx--fadein-btt\" data-delay=\"200\" data-start-delay=\"0\"><div class=\"ui-row row\">\n <div   class=\"ui-column span6\"><div  class=\"ui--icon-box position--left\"><span class=\"ui--icon-box-icon ui--animation\"><i class=\"ui--icon fontawesome-rocket icon-inline-block icon-with-background radius-circle\" style=\"font-size: 48px;  width: 52px;  height: 52px;  border-width: 3px;  border-style: solid;\"><\/i><\/span><div  class=\"ui--icon-box-content\"><h3 class=\"ui--icon-box-title ui--animation text-left\" data-fx=\"fx--no-effect\"><span ><strong>Misyonumuz<\/strong> <\/span><\/h3><div  class=\"ui--animation ui--icon-box-text text-left\" data-fx=\"fx--no-effect\"><p>D\u00fcnya genelinde global de\u011fi\u015fimlere ve yeniliklere e\u015fzamanl\u0131 \u015fekilde ayak uydurarak, m\u00fc\u015fterilerimize kaliteli ve h\u0131zl\u0131 hizmeti en g\u00fcvenilir \u015fekilde sunarak, 7\/24 \u00e7\u00f6z\u00fcm \u00fcretmek. Sa\u011flam ad\u0131mlarla b\u00fcy\u00fcrken, ilk g\u00fcnk\u00fc heves ve yenilik\u00e7i ruhumuzu da korumak. <\/p>\n<\/div><\/div><\/div><\/div> \n\n <div   class=\"ui-column span6\"><div  class=\"ui--icon-box position--left\"><span class=\"ui--icon-box-icon ui--animation\"><i class=\"ui--icon fontawesome-eye-open icon-inline-block icon-with-background radius-circle\" style=\"font-size: 48px;  width: 52px;  height: 52px;  border-width: 3px;  border-style: solid;\"><\/i><\/span><div  class=\"ui--icon-box-content\"><h3 class=\"ui--icon-box-title ui--animation text-left\" data-fx=\"fx--no-effect\"><span ><strong>Vizyonumuz<\/strong><\/span><\/h3><div  class=\"ui--animation ui--icon-box-text text-left\" data-fx=\"fx--no-effect\"><p>Bilgi g\u00fcn\u00fcm\u00fczde en b\u00fcy\u00fck g\u00fc\u00e7 haline gelirken, s\u00f6z konusu g\u00fcmr\u00fck i\u015flemleri oldu\u011funda mevzuatlar\u0131n d\u00fcnya \u00e7ap\u0131nda takibi \u00e7ok daha b\u00fcy\u00fck \u00f6nem kazan\u0131yor. ONAY Dan\u0131\u015fmal\u0131k olarak, m\u00fckemmeliyet\u00e7i bak\u0131\u015f a\u00e7\u0131m\u0131z ve bilgi birikimimizle; sekt\u00f6re \u00f6zel analiz ve hizmetlerimizle m\u00fc\u015fterilerimizin \u00e7ok y\u00f6nl\u00fc \u00e7\u00f6z\u00fcm ortaklar\u0131 olmay\u0131 hedefliyoruz.<\/p>\n<\/div><\/div><\/div><\/div> \n\n<\/div> \n<div class=\"ui-row row\">\n <div   class=\"ui-column span6\"><div  class=\"ui--icon-box position--left\"><span class=\"ui--icon-box-icon ui--animation\"><i class=\"ui--icon icomoon-queen icon-inline-block icon-with-background radius-circle\" style=\"font-size: 48px;  width: 52px;  height: 52px;  border-width: 3px;  border-style: solid;\"><\/i><\/span><div  class=\"ui--icon-box-content\"><h3 class=\"ui--icon-box-title ui--animation text-left\" data-fx=\"fx--no-effect\"><span ><strong>De\u011ferlerimiz<\/strong><\/span><\/h3><div  class=\"ui--animation ui--icon-box-text text-left\" data-fx=\"fx--no-effect\"><p>H\u0131zl\u0131  ve kaliteli \u015fekilde \u00e7al\u0131\u015farak, m\u00fc\u015fteri memnuniyetini her \u015feyden \u00fcst\u00fcn tutan bir \u015firket olmak.<\/p>\n<\/div><\/div><\/div><\/div> \n\n <div   class=\"ui-column span6\"><div  class=\"ui--icon-box position--left\"><span class=\"ui--icon-box-icon ui--animation\"><i class=\"ui--icon icomoon-stats-up icon-inline-block icon-with-background radius-circle\" style=\"font-size: 48px;  width: 52px;  height: 52px;  border-width: 3px;  border-style: solid;\"><\/i><\/span><div  class=\"ui--icon-box-content\"><h3 class=\"ui--icon-box-title ui--animation text-left\" data-fx=\"fx--no-effect\"><span ><strong>S\u00fcrekli Geli\u015fim<\/strong><\/span><\/h3><div  class=\"ui--animation ui--icon-box-text text-left\" data-fx=\"fx--no-effect\"><p>D\u00fcnyadaki de\u011fi\u015fimleri yak\u0131ndan takip ederek e\u015f zamanl\u0131 olarak i\u015f s\u00fcre\u00e7lerimize adapte ediyoruz.<\/p>\n<\/div><\/div><\/div><\/div> \n\n<\/div> \n<div class=\"ui-row row\">\n <div   class=\"ui-column span6\"><div  class=\"ui--icon-box position--left\"><span class=\"ui--icon-box-icon ui--animation\"><i class=\"ui--icon icomoon-users-4 icon-inline-block icon-with-background radius-circle\" style=\"font-size: 48px;  width: 52px;  height: 52px;  border-width: 3px;  border-style: solid;\"><\/i><\/span><div  class=\"ui--icon-box-content\"><h3 class=\"ui--icon-box-title ui--animation text-left\" data-fx=\"fx--no-effect\"><span ><strong>M\u00fc\u015fteri ve \u00c7\u00f6z\u00fcm odakl\u0131l\u0131k<\/strong><\/span><\/h3><div  class=\"ui--animation ui--icon-box-text text-left\" data-fx=\"fx--no-effect\"><p>M\u00fc\u015fterilerimizin memnuniyetini her \u015feyin \u00f6n\u00fcnde tutarak daima \u201cnas\u0131l yapabiliriz\u201di d\u00fc\u015f\u00fcn\u00fcyoruz.<\/p>\n<\/div><\/div><\/div><\/div> \n\n <div   class=\"ui-column span6\"><div  class=\"ui--icon-box position--left\"><span class=\"ui--icon-box-icon ui--animation\"><i class=\"ui--icon fontawesome-smile icon-inline-block icon-with-background radius-circle\" style=\"font-size: 48px;  width: 52px;  height: 52px;  border-width: 3px;  border-style: solid;\"><\/i><\/span><div  class=\"ui--icon-box-content\"><h3 class=\"ui--icon-box-title ui--animation text-left\" data-fx=\"fx--no-effect\"><span ><strong>Samimiyet<\/strong><\/span><\/h3><div  class=\"ui--animation ui--icon-box-text text-left\" data-fx=\"fx--no-effect\"><p>Birlikte \u00e7al\u0131\u015ft\u0131\u011f\u0131m\u0131z kurum ve kurulu\u015flar\u0131 salt bir m\u00fc\u015fterinin \u00f6tesinde, \u00e7\u00f6z\u00fcm orta\u011f\u0131m\u0131z olarak g\u00f6r\u00fcyoruz.<\/p>\n<\/div><\/div><\/div><\/div> \n\n<\/div> \n<div class=\"ui-row row\">\n <div   class=\"ui-column span6\"><div  class=\"ui--icon-box position--left\"><span class=\"ui--icon-box-icon ui--animation\"><i class=\"ui--icon fontawesome-puzzle-piece icon-inline-block icon-with-background radius-circle\" style=\"font-size: 48px;  width: 52px;  height: 52px;  border-width: 3px;  border-style: solid;\"><\/i><\/span><div  class=\"ui--icon-box-content\"><h3 class=\"ui--icon-box-title ui--animation text-left\" data-fx=\"fx--no-effect\"><span ><strong>Heyecan<\/strong><\/span><\/h3><div  class=\"ui--animation ui--icon-box-text text-left\" data-fx=\"fx--no-effect\"><p>Yapt\u0131\u011f\u0131m\u0131z her i\u015fe heyecanla yakla\u015f\u0131r, azimle \u00e7al\u0131\u015farak en ba\u015far\u0131l\u0131 \u015fekilde tamamlar\u0131z.<\/p>\n<\/div><\/div><\/div><\/div> \n\n <div   class=\"ui-column span6\"><div  class=\"ui--icon-box position--left\"><span class=\"ui--icon-box-icon ui--animation\"><i class=\"ui--icon icomoon-racing icon-inline-block icon-with-background radius-circle\" style=\"font-size: 48px;  width: 52px;  height: 52px;  border-width: 3px;  border-style: solid;\"><\/i><\/span><div  class=\"ui--icon-box-content\"><h3 class=\"ui--icon-box-title ui--animation text-left\" data-fx=\"fx--no-effect\"><span ><strong>Cesaret<\/strong><\/span><\/h3><div  class=\"ui--animation ui--icon-box-text text-left\" data-fx=\"fx--no-effect\"><p>Gerekti\u011finde inisiyatif kullanarak sorumluluk al\u0131r\u0131z. <\/p>\n<\/div><\/div><\/div><\/div> \n\n<\/div> \n<div class=\"text-center ui--animation\"><a class=\"btn btn-large btn-block btn-icon-left btn-secondary\" href=\"https:\/\/onaydanismanlik.com.tr\/?page_id=390\" style=\"\">Onay Dan\u0131\u015fmanl\u0131k hakk\u0131nda daha fazlas\u0131n\u0131 g\u00f6rmek ister misiniz?<\/a> <\/div><\/div><\/div><\/div><\/div><div class=\"ui-row row\">\n <div   class=\"ui-column span6\"><div  class=\"ui--animation-in make--fx--caption-bottom ui--pass clearfix\" data-fx=\"fx--caption-bottom\" data-delay=\"150\" data-start-delay=\"0\"><div class=\"ui--title ui--animation ui--title-bordered text-left\"><div class=\"ui--title-holder\"><h3 class=\"ui--title-text\"><strong>\u0130stanbul<\/strong> Office<\/h3><div class=\"ui--title-borders ui--title-border-left\"><\/div><div class=\"ui--title-borders ui--title-border-right\"><\/div><\/div><\/div><div class=\"auto-format ui--animation\"><\/div><div  class=\"ui--divider ui--animation clearfix ui--divider-mini\"><\/div><div class=\"auto-format ui--animation\"><p><strong>Onay \u0130thalat ve \u0130hracat Dan\u0131\u015fmanl\u0131k Hizmetleri<\/strong><br \/>\nCaddebostan Mahallesi, Mehtap Sokak,<br \/>\nMert Plus Apartman\u0131 No:35 B D\u00fckkan No:2<br \/>\nKad\u0131k\u00f6y \u2013 \u0130stanbul<\/p>\n<p>E-mail 1 : info@onaydanismanlik.com.tr<br \/>\nE-mail 2 : onur@onaydanismanlik.com.tr<br \/>\nWeb : www.onaydanismanlik.com.tr<\/p>\n<p><strong>Tel:<\/strong>   (216) 574 29 72<br \/>\n<strong>Gsm:<\/strong>         (532) 294 35 14<br \/>\n<strong>E-Mail:<\/strong>    <a href=\"#\">info@onaydanismanlik.com.tr<\/a><br \/>\n<strong>E-Mail:<\/strong>    <a href=\"#\">onur@onaydanismanlik.com.tr<\/a><br \/>\n<strong>Web:<\/strong> <a href=\"#\"> www.onaydanismanlik.com.tr<\/a><\/p>\n<\/div><div class=\"ui--title ui--animation ui--title-bordered text-left\"><div class=\"ui--title-holder\"><h3 class=\"ui--title-text\"><strong>\u015eirket <\/strong>Sosyal Hesaplar\u0131<\/h3><div class=\"ui--title-borders ui--title-border-left\"><\/div><div class=\"ui--title-borders ui--title-border-right\"><\/div><\/div><\/div><ul id=\"socialbar-1\" class=\"ui-socialbar unstyled ss grey-bevel-gradient with-bg effect--slide borderless\"><li class=\"instagram radius-3px ui-socialbar-item ui--animation\"><div class=\"ui-socialbar-image ui-socialbar-background radius-3px\"><\/div><a href=\"https:\/\/www.instagram.com\/onaydanismanlik\/\" class=\"ui-socialbar-image radius-3px\" target=\"_blank\" title=\"Instagram\" rel=\"\"><\/a><\/li><li class=\"twitter radius-3px ui-socialbar-item ui--animation\"><div class=\"ui-socialbar-image ui-socialbar-background radius-3px\"><\/div><a href=\"https:\/\/www.twitter.com\/onaydanismanlik\/\" class=\"ui-socialbar-image radius-3px\" target=\"_blank\" title=\"Twitter\" rel=\"\"><\/a><\/li><li class=\"mail radius-3px ui-socialbar-item ui--animation\"><div class=\"ui-socialbar-image ui-socialbar-background radius-3px\"><\/div><a href=\"https:\/\/onaydanismanlik.com.tr\/?page_id=368\" class=\"ui-socialbar-image radius-3px\" target=\"_self\" title=\"Mail\" rel=\"\"><\/a><\/li><\/ul><\/div><\/div> \n\n <div   class=\"ui-column span6\"><div  class=\"ui--animation-in make--fx--caption-bottom ui--pass clearfix\" data-fx=\"fx--caption-bottom\" data-delay=\"150\" data-start-delay=\"0\"><div class=\"ui--title ui--animation ui--title-bordered text-left\"><div class=\"ui--title-holder\"><h3 class=\"ui--title-text\"><strong>\u0130leti\u015fim Formu<\/strong><\/h3><div class=\"ui--title-borders ui--title-border-left\"><\/div><div class=\"ui--title-borders ui--title-border-right\"><\/div><\/div><\/div><div role=\"form\" class=\"wpcf7\" id=\"wpcf7-f9-o1\" lang=\"tr-TR\" dir=\"ltr\">\n<div class=\"screen-reader-response\"><p role=\"status\" aria-live=\"polite\" aria-atomic=\"true\"><\/p> <ul><\/ul><\/div>\n<form action=\"\/index.php?rest_route=%2Fwp%2Fv2%2Fpages%2F368#wpcf7-f9-o1\" method=\"post\" class=\"wpcf7-form init\" novalidate=\"novalidate\" data-status=\"init\">\n<div style=\"display: none;\">\n<input type=\"hidden\" name=\"_wpcf7\" value=\"9\" \/>\n<input type=\"hidden\" name=\"_wpcf7_version\" value=\"5.6\" \/>\n<input type=\"hidden\" name=\"_wpcf7_locale\" value=\"tr_TR\" \/>\n<input type=\"hidden\" name=\"_wpcf7_unit_tag\" value=\"wpcf7-f9-o1\" \/>\n<input type=\"hidden\" name=\"_wpcf7_container_post\" value=\"0\" \/>\n<input type=\"hidden\" name=\"_wpcf7_posted_data_hash\" value=\"\" \/>\n<\/div>\n<p><label> Ad\u0131n\u0131z<br \/>\n    <span class=\"wpcf7-form-control-wrap\" data-name=\"your-name\"><input type=\"text\" name=\"your-name\" value=\"\" size=\"40\" class=\"wpcf7-form-control wpcf7-text wpcf7-validates-as-required\" aria-required=\"true\" aria-invalid=\"false\" \/><\/span> <\/label><\/p>\n<p><label> E-posta adresiniz<br \/>\n    <span class=\"wpcf7-form-control-wrap\" data-name=\"your-email\"><input type=\"email\" name=\"your-email\" value=\"\" size=\"40\" class=\"wpcf7-form-control wpcf7-text wpcf7-email wpcf7-validates-as-required wpcf7-validates-as-email\" aria-required=\"true\" aria-invalid=\"false\" \/><\/span> <\/label><\/p>\n<p><label> Konu<br \/>\n    <span class=\"wpcf7-form-control-wrap\" data-name=\"your-subject\"><input type=\"text\" name=\"your-subject\" value=\"\" size=\"40\" class=\"wpcf7-form-control wpcf7-text wpcf7-validates-as-required\" aria-required=\"true\" aria-invalid=\"false\" \/><\/span> <\/label><\/p>\n<p><label> \u0130letiniz (tercihe ba\u011fl\u0131)<br \/>\n    <span class=\"wpcf7-form-control-wrap\" data-name=\"your-message\"><textarea name=\"your-message\" cols=\"40\" rows=\"10\" class=\"wpcf7-form-control wpcf7-textarea\" aria-invalid=\"false\"><\/textarea><\/span> <\/label><\/p>\n<p><input type=\"submit\" value=\"G\u00f6nder\" class=\"wpcf7-form-control has-spinner wpcf7-submit\" \/><\/p>\n<p style=\"display: none !important;\" class=\"akismet-fields-container\" data-prefix=\"_wpcf7_ak_\"><label>&#916;<textarea name=\"_wpcf7_ak_hp_textarea\" cols=\"45\" rows=\"8\" maxlength=\"100\"><\/textarea><\/label><input type=\"hidden\" id=\"ak_js_1\" name=\"_wpcf7_ak_js\" value=\"146\"\/><script>document.getElementById( \"ak_js_1\" ).setAttribute( \"value\", ( new Date() ).getTime() );<\/script><\/p><div class=\"wpcf7-response-output\" aria-hidden=\"true\"><\/div><\/form><\/div><\/div><\/div> \n\n<\/div> \n<div  class=\"ui--space clearfix\" style=\"height: 80px;\" data-responsive=\"{&quot;css&quot;:{&quot;height&quot;:{&quot;phone&quot;:null,&quot;tablet&quot;:null,&quot;widescreen&quot;:&quot;80px&quot;}}}\"><\/div>\r\n\t\t\t<div class=\"gmap-wrapper ui--animation clearfix\" style=\"height: 506px;\">\r\n\t\t\t\t<div class=\"gmap-wrap-holder\" style=\"height: 506px;\"><\/div>\r\n\t\t\t\t<div id=\"gmap-JK4T\" class=\"gmap clearfix\" style=\"height: 506px;\" data-gmap-options=\"{&quot;zoom&quot;:12,&quot;maptype&quot;:&quot;ROADMAP&quot;,&quot;doubleclickzoom&quot;:true,&quot;scrollwheel&quot;:true,&quot;address&quot;:&quot;&quot;,&quot;latitude&quot;:40.9857,&quot;longitude&quot;:29.1536,&quot;markers&quot;:[{&quot;html&quot;:&quot;&amp;lt;p&amp;gt;Onay \\u0130thalat \\u0130hracat Dan\\u0131\\u015fmanl\\u0131k Hizmetleri&amp;lt;br \\\/&amp;gt;\\nTel: (216) 574 29 72&amp;lt;br \\\/&amp;gt;\\nGsm: (532) 294 35 14&amp;lt;\\\/p&amp;gt;\\n&quot;,&quot;address&quot;:&quot;Caddebostan Mahallesi, Mehtap Sokak,  Mert Plus Apartman\\u0131 No:35 B D\\u00fckkan No:2  Kad\\u0131k\\u00f6y \\u2013 \\u0130stanbul&quot;,&quot;latitude&quot;:0,&quot;longitude&quot;:0,&quot;popup&quot;:true,&quot;icon&quot;:{&quot;image&quot;:&quot;http:\\\/\\\/envision.wptation.com\\\/wp-content\\\/uploads\\\/2013\\\/08\\\/pin-2.png&quot;,&quot;iconsize&quot;:[72,65],&quot;iconanchor&quot;:[12,65]}}],&quot;controls&quot;:false,&quot;stylers&quot;:[]}\"><\/div>\r\n\t\t\t\t\r\n\t\t\t<\/div>\r\n\t\t\t<div  class=\"ui--space clearfix\" style=\"height: 300px;\" data-responsive=\"{&quot;css&quot;:{&quot;height&quot;:{&quot;phone&quot;:null,&quot;tablet&quot;:null,&quot;widescreen&quot;:&quot;300px&quot;}}}\"><\/div>","protected":false},"excerpt":{"rendered":"<p>B\u0130Z\u0130MLE \u0130LET\u0130\u015e\u0130ME GE\u00c7\u0130N Sizler \u0130\u00e7in 7\/24 Buraday\u0131z Misyonumuz D\u00fcnya genelinde global de\u011fi\u015fimlere ve yeniliklere e\u015fzamanl\u0131 \u015fekilde ayak uydurarak, m\u00fc\u015fterilerimize kaliteli ve h\u0131zl\u0131 hizmeti en g\u00fcvenilir \u015fekilde sunarak, 7\/24 \u00e7\u00f6z\u00fcm \u00fcretmek. Sa\u011flam ad\u0131mlarla b\u00fcy\u00fcrken, ilk g\u00fcnk\u00fc heves ve yenilik\u00e7i ruhumuzu da korumak. Vizyonumuz Bilgi g\u00fcn\u00fcm\u00fczde en b\u00fcy\u00fck g\u00fc\u00e7 haline gelirken, s\u00f6z konusu g\u00fcmr\u00fck i\u015flemleri oldu\u011funda mevzuatlar\u0131n [&hellip;]<\/p>\n","protected":false},"author":1,"featured_media":0,"parent":0,"menu_order":0,"comment_status":"open","ping_status":"open","template":"","meta":{"footnotes":""},"featured_media_urls":[],"_links":{"self":[{"href":"https:\/\/onaydanismanlik.com.tr\/index.php?rest_route=\/wp\/v2\/pages\/368"}],"collection":[{"href":"https:\/\/onaydanismanlik.com.tr\/index.php?rest_route=\/wp\/v2\/pages"}],"about":[{"href":"https:\/\/onaydanismanlik.com.tr\/index.php?rest_route=\/wp\/v2\/types\/page"}],"author":[{"embeddable":true,"href":"https:\/\/onaydanismanlik.com.tr\/index.php?rest_route=\/wp\/v2\/users\/1"}],"replies":[{"embeddable":true,"href":"https:\/\/onaydanismanlik.com.tr\/index.php?rest_route=%2Fwp%2Fv2%2Fcomments&post=368"}],"version-history":[{"count":38,"href":"https:\/\/onaydanismanlik.com.tr\/index.php?rest_route=\/wp\/v2\/pages\/368\/revisions"}],"predecessor-version":[{"id":1961,"href":"https:\/\/onaydanismanlik.com.tr\/index.php?rest_route=\/wp\/v2\/pages\/368\/revisions\/1961"}],"wp:attachment":[{"href":"https:\/\/onaydanismanlik.com.tr\/index.php?rest_route=%2Fwp%2Fv2%2Fmedia&parent=368"}],"curies":[{"name":"wp","href":"https:\/\/api.w.org\/{rel}","templated":true}]}}